the units digit of 219?
9
What is the hundreds digit of 4743?
7
What is the hundreds digit of 1182?
1
What is the tens digit of 171268?
6
What is the units digit of 2585?
5
What is the units digit of 108895?
5
What is the hundreds digit of 1564?
5
What is the tens digit of 61801?
0
What is the hundreds digit of 3046?
0
What is the hundreds digit of 1168?
1
What is the tens digit of 9652?
5
What is the units digit of 36?
6
What is the ten thousands digit of 83367?
8
What is the hundreds digit of 517?
5
What is the ten thousands digit of 12706?
1
What is the thousands digit of 1318?
1
What is the tens digit of 981?
8
What is the units digit of 33954?
4
What is the hundreds digit of 84304?
3
What is the ten thousands digit of 13157?
1
What is the tens digit of 68879?
7
What is the tens digit of 241?
4
What is the thousands digit of 12757?
2
What is the tens digit of 44201?
0
What is the ten thousands digit of 88274?
8
What is the units digit of 9083?
3
What is the units digit of 33250?
0
What is the units digit of 11382?
2
What is the units digit of 3?
3
What is the thousands digit of 4555?
4
What is the units digit of 584?
4
What is the tens digit of 1649?
4
What is the hundreds digit of 875?
8
What is the hundreds digit of 8868?
8
What is the units digit of 1011?
1
What is the units digit of 13101?
1
What is the thousands digit of 1004?
1
What is the tens digit of 2360?
6
What is the units digit of 6535?
5
What is the hundreds digit of 591?
5
What is the thousands digit of 15805?
5
What is the thousands digit of 2416?
2
What is the units digit of 2060?
0
What is the units digit of 699?
9
What is the units digit of 9508?
8
What is the tens digit of 747?
4
What is the thousands digit of 10760?
0
What is the hundreds digit of 1197?
1
What is the thousands digit of 6732?
6
What is the units digit of 424?
4
What is the units digit of 908?
8
What is the thousands digit of 2057?
2
What is the thousands digit of 15889?
5
What is the ten thousands digit of 50219?
5
What is the hundreds digit of 366?
3
What is the units digit of 4790?
0
What is the tens digit of 1468?
6
What is the thousands digit of 5677?
5
What is the hundreds digit of 32810?
8
What is the hundreds digit of 7545?
5
What is the tens digit of 1051?
5
What is the tens digit of 88054?
5
What is the tens digit of 7722?
2
What is the tens digit of 3244?
4
What is the hundreds digit of 28626?
6
What is the units digit of 1119?
9
What is the units digit of 634?
4
What is the hundreds digit of 222?
2
What is the units digit of 915?
5
What is the ten thousands digit of 21700?
2
What is the thousands digit of 2719?
2
What is the thousands digit of 6153?
6
What is the tens digit of 6766?
6
What is the thousands digit of 9846?
9
What is the thousands digit of 3981?
3
What is the tens digit of 1427?
2
What is the units digit of 5787?
7
What is the tens digit of 1586?
8
What is the thousands digit of 15621?
5
What is the units digit of 371?
1
What is the units digit of 16974?
4
What is the tens digit of 24173?
7
What is the units digit of 4650?
0
What is the tens digit of 2406?
0
What is the tens digit of 42329?
2
What is the thousands digit of 5710?
5
What is the tens digit of 1266?
6
What is the hundreds digit of 6744?
7
What is the hundreds digit of 6855?
8
What is the thousands digit of 21699?
1
What is the tens digit of 2445?
4
What is the units digit of 282?
2
What is the ten thousands digit of 23550?
2
What is the tens digit of 1152?
5
What is the tens digit of 70471?
7
What is the units digit of 2382?
2
What is the units digit of 21519?
9
What is the hundreds digit of 1028?
0
What is the hundreds digit of 31870?
8
What is the thousands digit of 4218?
4
What is the ten thousands digit of 11887?
1
What is the ten thousands digit of 111463?
1
What is the units digit of 20610?
0
What is the units digit of 6632?
2
What is the hundreds digit of 6931?
9
What is the tens digit of 36548?
4
What is the thousands digit of 23010?
3
What is the hundreds digit of 4466?
4
What is the thousands digit of 3662?
3
What is the thousands digit of 92093?
2
What is the hundreds digit of 97269?
2
What is the hundreds digit of 10364?
3
What is the hundreds digit of 2945?
9
What is the thousands digit of 4637?
4
What is the tens digit of 8473?
7
What is the units digit of 4779?
9
What is the ten thousands digit of 44642?
4
What is the thousands digit of 7945?
7
What is the hundreds digit of 1181?
1
What is the tens digit of 107016?
1
What is the thousands digit of 85240?
5
What is the units digit of 4103?
3
What is the ten thousands digit of 26052?
2
What is the tens digit of 46381?
8
What is the tens digit of 141018?
1
What is the tens digit of 85721?
2
What is the tens digit of 49122?
2
What is the ten thousands digit of 12019?
1
What is the thousands digit of 1993?
1
What is the thousands digit of 10920?
0
What is the hundred thousands digit of 119282?
1
What is the tens digit of 5009?
0
What is the tens digit of 3662?
6
What is the thousands digit of 1896?
1
What is the hundreds digit of 218?
2
What is the tens digit of 6045?
4
What is the hundreds digit of 52381?
3
What is the thousands digit of 19087?
9
What is the units digit of 2321?
1
What is the units digit of 559?
9
What is the thousands digit of 1246?
1
What is the units digit of 388?
8
What is the thousands digit of 5129?
5
What is the tens digit of 2975?
7
What is the tens digit of 38108?
0
What is the thousands digit of 1912?
1
What is the thousands digit of 8496?
8
What is the hundreds digit of 76252?
2
What is the units digit of 399?
9
What is the hundreds digit of 930?
9
What is the tens digit of 24423?
2
What is the thousands digit of 33994?
3
What is the units digit of 1435?
5
What is the thousands digit of 2495?
2
What is the tens digit of 2610?
1
What is the ten thousands digit of 35795?
3
What is the thousands digit of 14263?
4
What is the ten thousands digit of 14625?
1
What is the ten thousands digit of 146871?
4
What is the units digit of 8964?
4
What is the units digit of 33627?
7
What is the thousands digit of 1077?
1
What is the units digit of 2156?
6
What is the tens digit of 11700?
0
What is the hundreds digit of 25764?
7
What is the hundreds digit of 23434?
4
What is the ten thousands digit of 12396?
1
What is the units digit of 1354?
4
What is the hundreds digit of 1388?
3
What is the hundreds digit of 7140?
1
What is the hundreds digit of 751?
7
What is the hundreds digit of 991?
9
What is the tens digit of 93464?
6
What is the hundreds digit of 28220?
2
What is the hundreds digit of 89160?
1
What is the thousands digit of 1480?
1
What is the thousands digit of 60816?
0
What is the tens digit of 1174?
7
What is the tens digit of 263?
6
What is the thousands digit of 62510?
2
What is the units digit of 969?
9
What is the units digit of 2205?
5
What is the units digit of 3453?
3
What is the thousands digit of 9477?
9
What is the hundreds digit of 4437?
4
What is the thousands digit of 2889?
2
What is the thousands digit of 1101?
1
What is the tens digit of 88065?
6
What is the thousands digit of 8402?
8
What is the tens digit of 51541?
4
What is the hundreds digit of 603?
6
What is the thousands digit of 16464?
6
What is the tens digit of 12668?
6
What is the tens digit of 6116?
1
What is the hundreds digit of 34434?
4
What is the ten thousands digit of 16248?
1
What is the ten thousands digit of 44175?
4
What is the hundreds digit of 2715?
7
What is the tens digit of 1746?
4
What is the hundreds digit of 1968?
9
What is the thousands digit of 1314?
1
What is the units digit of 509?
9
What is the ten thousands digit of 28224?
2
What is the tens digit of 120570?
7
What is the units digit of 185?
5
What is the hundreds digit of 2220?
2
What is the units digit of 4271?
1
What is the units digit of 1113?
3
What is the hundreds digit of 888?
8
What is the units digit of 70365?
5
What is the ten thousands digit of 168449?
6
What is the hundreds digit of 8407?
4
What is the tens digit of 1235?
3
What is the hundreds digit of 5064?
0
What is the units digit of 9653?
3
What is the tens digit of 19762?
6
What is the units digit of 52943?
3
What is the hundreds digit of 28225?
2
What is the thousands digit of 6366?
6
What is the units digit o